{"id":57,"date":"2023-10-04T12:17:17","date_gmt":"2023-10-04T10:17:17","guid":{"rendered":"http:\/\/www.kreisaerzteschaft-koblenz.de\/php\/wordpress\/?page_id=57"},"modified":"2023-10-04T12:55:33","modified_gmt":"2023-10-04T10:55:33","slug":"impressum","status":"publish","type":"page","link":"http:\/\/www.kreisaerzteschaft-koblenz.de\/php\/wordpress\/?page_id=57","title":{"rendered":"Impressum\/Datenschutz"},"content":{"rendered":"\n<p><strong>Verantwortlich f\u00fcr die Inhalte dieser Homepage<br><br>Vorstandsvorsitzender \/ Kreisobmann<br><\/strong>Dr. med. Hans-Josef M\u00dcLLER<br>Facharzt f\u00fcr Allgemeinmedizin<br>Facharzt f\u00fcr Gyn\u00e4kologie<br>Planstrasse 63<br><br>56072 Koblenz<br><br>Tel.\/Fax: 0261 &#8211; 46564<br><br>Email: <a href=\"mailto:hjmueller@kreisaerzteschaft-koblenz.de\" target=\"_blank\" rel=\"noreferrer noopener\">hjmueller@kreisaerzteschaft-koblenz.de<\/a><br><br><br><strong>zust\u00e4ndige \u00c4rztekammer<br><\/strong>\u00c4rztekammer Koblenz<br>Emil-Sch\u00fcller-Stra\u00dfe 45<br>56068 Koblenz<br>Telefon: (02 61) 39 001 &#8211; 0 (Zentrale)<br>Telefax: (02 61) 39 001 &#8211; 20<br>Internet: <a href=\"http:\/\/www.aerztekammer-koblenz.de\" target=\"_blank\" rel=\"noreferrer noopener\">www.aerztekammer-koblenz.de<\/a>&nbsp;&nbsp;<br><br><strong>zust\u00e4ndige KV<br><\/strong>Kassen\u00e4rztlichen Vereinigung<br>KV RLP<br><br>Hauptverwaltung<br>Isaac-Fulda-Allee 14<br>55124 Mainz<br>Telefon: 0 61 31 \/ 32 60<br>Telefax: 0 61 31 \/ 3 26 150<br>E-Mail: <a href=\"mailto:info@kv-rlp.de\" target=\"_blank\" rel=\"noreferrer noopener\">info@kv-rlp.de<\/a><br>Internet: <a href=\"http:\/\/www.kv-rlp.de\" target=\"_blank\" rel=\"noreferrer noopener\">www.kv-rlp.de<\/a><br><br>Regionalzentrum Koblenz<br>Emil-Sch\u00fcller-Stra\u00dfe 14-16<br>56073 Koblenz<br>Telefon: 02 61 \/ 39 00 20<br>Telefax: 02 61 \/ 3 90 02 111<br><br><br><strong>Haftungsausschluss<br><\/strong>Wir \u00fcbernehmen keine Gew\u00e4hr f\u00fcr die Aktualit\u00e4t, Vollst\u00e4ndigkeit oder Qualit\u00e4t der bereitgestellten Informationen. Wir \u00fcbernehmen keine Haftung f\u00fcr den Inhalt von verlinkten Internetseiten und erkl\u00e4ren lediglich, dass zum Zeitpunkt der Verlinkung die entsprechenden Seiten frei von illegalen Inhalten waren.<br>Wir sind bestrebt, bei allen Ver\u00f6ffentlichungen das Urheberecht zu beachten, alle Inhalte der Hp unterliegen den Besitzrechten der jeweiligen Eigent\u00fcmer. Eine weitergehende Nutzung der Inhalte der Hp bedarf der ausdr\u00fccklichen Genehmigung.<br>Sollte jemand mit der Ver\u00f6ffentlichung von Inhalten auf der Hp aufgrund von Pers\u00f6nlichkeitsrechtsverletzung nicht einverstanden sein, wird der Inhalt selbstverst\u00e4ndlich sofort entfernt.<br><br>Dr. med. H.-J.M\u00dcLLER<\/p>\n\n\n\n<p>Mail an Administrator:&nbsp; <a href=\"mailto:hjmueller@kreisaerzteschaft-koblenz.de\" target=\"_blank\" rel=\"noreferrer noopener\">hjmueller@kreisaerzteschaft-koblenz.de<\/a> <\/p>\n","protected":false},"excerpt":{"rendered":"<p>Verantwortlich f\u00fcr die Inhalte dieser Homepage Vorstandsvorsitzender \/ KreisobmannDr. med. Hans-Josef M\u00dcLLERFacharzt f\u00fcr AllgemeinmedizinFacharzt f\u00fcr Gyn\u00e4kologiePlanstrasse 63 56072 Koblenz Tel.\/Fax: 0261 &#8211; 46564 Email: hjmueller@kreisaerzteschaft-koblenz.de zust\u00e4ndige \u00c4rztekammer\u00c4rztekammer KoblenzEmil-Sch\u00fcller-Stra\u00dfe 4556068 KoblenzTelefon: (02 61) 39 001 &#8211; 0 (Zentrale)Telefax: (02 61) 39 &hellip; <a href=\"http:\/\/www.kreisaerzteschaft-koblenz.de\/php\/wordpress\/?page_id=57\">Weiterlesen <span class=\"meta-nav\">&rarr;<\/span><\/a><\/p>\n","protected":false},"author":1,"featured_media":0,"parent":0,"menu_order":0,"comment_status":"closed","ping_status":"closed","template":"","meta":{"footnotes":""},"class_list":["post-57","page","type-page","status-publish","hentry"],"_links":{"self":[{"href":"http:\/\/www.kreisaerzteschaft-koblenz.de\/php\/wordpress\/index.php?rest_route=\/wp\/v2\/pages\/57","targetHints":{"allow":["GET"]}}],"collection":[{"href":"http:\/\/www.kreisaerzteschaft-koblenz.de\/php\/wordpress\/index.php?rest_route=\/wp\/v2\/pages"}],"about":[{"href":"http:\/\/www.kreisaerzteschaft-koblenz.de\/php\/wordpress\/index.php?rest_route=\/wp\/v2\/types\/page"}],"author":[{"embeddable":true,"href":"http:\/\/www.kreisaerzteschaft-koblenz.de\/php\/wordpress\/index.php?rest_route=\/wp\/v2\/users\/1"}],"replies":[{"embeddable":true,"href":"http:\/\/www.kreisaerzteschaft-koblenz.de\/php\/wordpress\/index.php?rest_route=%2Fwp%2Fv2%2Fcomments&post=57"}],"version-history":[{"count":2,"href":"http:\/\/www.kreisaerzteschaft-koblenz.de\/php\/wordpress\/index.php?rest_route=\/wp\/v2\/pages\/57\/revisions"}],"predecessor-version":[{"id":72,"href":"http:\/\/www.kreisaerzteschaft-koblenz.de\/php\/wordpress\/index.php?rest_route=\/wp\/v2\/pages\/57\/revisions\/72"}],"wp:attachment":[{"href":"http:\/\/www.kreisaerzteschaft-koblenz.de\/php\/wordpress\/index.php?rest_route=%2Fwp%2Fv2%2Fmedia&parent=57"}],"curies":[{"name":"wp","href":"https:\/\/api.w.org\/{rel}","templated":true}]}}