{"id":86,"date":"2023-10-05T09:49:18","date_gmt":"2023-10-05T07:49:18","guid":{"rendered":"http:\/\/www.kreisaerzteschaft-koblenz.de\/php\/wordpress\/?page_id=86"},"modified":"2023-10-05T09:49:18","modified_gmt":"2023-10-05T07:49:18","slug":"willkommen","status":"publish","type":"page","link":"http:\/\/www.kreisaerzteschaft-koblenz.de\/php\/wordpress\/","title":{"rendered":"Willkommen"},"content":{"rendered":"\n<figure class=\"wp-block-image size-full\"><img loading=\"lazy\" decoding=\"async\" width=\"800\" height=\"201\" src=\"http:\/\/www.kreisaerzteschaft-koblenz.de\/php\/wordpress\/wp-content\/uploads\/2023\/10\/Panorama5_mit_Schiff.jpg\" alt=\"\" class=\"wp-image-15\" srcset=\"http:\/\/www.kreisaerzteschaft-koblenz.de\/php\/wordpress\/wp-content\/uploads\/2023\/10\/Panorama5_mit_Schiff.jpg 800w, http:\/\/www.kreisaerzteschaft-koblenz.de\/php\/wordpress\/wp-content\/uploads\/2023\/10\/Panorama5_mit_Schiff-300x75.jpg 300w, http:\/\/www.kreisaerzteschaft-koblenz.de\/php\/wordpress\/wp-content\/uploads\/2023\/10\/Panorama5_mit_Schiff-768x193.jpg 768w\" sizes=\"auto, (max-width: 800px) 100vw, 800px\" \/><\/figure>\n\n\n\n<p>Herzlich willkommen auf der Webseite der Kreis\u00e4rzteschaft Koblenz.<br><br>Die Kreis\u00e4rzteschaft ist die Gemeinschaft aller niedergelassenen, angestellten, beamteten oder nicht berufst\u00e4tigen \u00c4rztinnen und \u00c4rzte, die als Mitglieder der Bezirks\u00e4rztekammer Koblenz in Koblenz t\u00e4tig sind, bzw. hier ihren Wohnsitz haben.<\/p>\n\n\n\n<p>Dies sind z.Zt. \u00fcber 1.500 \u00c4rztinnen und \u00c4rzte.<\/p>\n\n\n\n<p>Satzungsgem\u00e4ss hat die Kreis\u00e4rzteschaft folgende Aufgaben:<\/p>\n\n\n\n<ul class=\"wp-block-list\">\n<li>F\u00f6rderung der Qualit\u00e4t der \u00e4rztlichen Versorgung der Patientinnen und Patienten<\/li>\n\n\n\n<li>F\u00f6rderung der Kommunikation von \u00c4rztinnen und \u00c4rzten verschiedener Fachrichtungen untereinander<\/li>\n\n\n\n<li>F\u00f6rderung der Kommunikation von angestellten Krankenhaus- oder beamteten \u00c4rztinnen und \u00c4rzten mit Niedergelassenen<\/li>\n\n\n\n<li>F\u00f6rderung insbesonders der \u00e4rztlichen Fort- und Ausbildung<\/li>\n\n\n\n<li>F\u00f6rderung des Zusammenhalts ihrer Mitglieder durch Beratung in berufsst\u00e4ndischen und\/oder sozialen Fragen<\/li>\n\n\n\n<li>Information ihrer Mitglieder \u00fcber berufspolitische Themen<\/li>\n<\/ul>\n","protected":false},"excerpt":{"rendered":"<p>Herzlich willkommen auf der Webseite der Kreis\u00e4rzteschaft Koblenz. Die Kreis\u00e4rzteschaft ist die Gemeinschaft aller niedergelassenen, angestellten, beamteten oder nicht berufst\u00e4tigen \u00c4rztinnen und \u00c4rzte, die als Mitglieder der Bezirks\u00e4rztekammer Koblenz in Koblenz t\u00e4tig sind, bzw. hier ihren Wohnsitz haben. Dies sind &hellip; <a href=\"http:\/\/www.kreisaerzteschaft-koblenz.de\/php\/wordpress\/\">Weiterlesen <span class=\"meta-nav\">&rarr;<\/span><\/a><\/p>\n","protected":false},"author":1,"featured_media":0,"parent":0,"menu_order":0,"comment_status":"closed","ping_status":"closed","template":"","meta":{"footnotes":""},"class_list":["post-86","page","type-page","status-publish","hentry"],"_links":{"self":[{"href":"http:\/\/www.kreisaerzteschaft-koblenz.de\/php\/wordpress\/index.php?rest_route=\/wp\/v2\/pages\/86","targetHints":{"allow":["GET"]}}],"collection":[{"href":"http:\/\/www.kreisaerzteschaft-koblenz.de\/php\/wordpress\/index.php?rest_route=\/wp\/v2\/pages"}],"about":[{"href":"http:\/\/www.kreisaerzteschaft-koblenz.de\/php\/wordpress\/index.php?rest_route=\/wp\/v2\/types\/page"}],"author":[{"embeddable":true,"href":"http:\/\/www.kreisaerzteschaft-koblenz.de\/php\/wordpress\/index.php?rest_route=\/wp\/v2\/users\/1"}],"replies":[{"embeddable":true,"href":"http:\/\/www.kreisaerzteschaft-koblenz.de\/php\/wordpress\/index.php?rest_route=%2Fwp%2Fv2%2Fcomments&post=86"}],"version-history":[{"count":1,"href":"http:\/\/www.kreisaerzteschaft-koblenz.de\/php\/wordpress\/index.php?rest_route=\/wp\/v2\/pages\/86\/revisions"}],"predecessor-version":[{"id":87,"href":"http:\/\/www.kreisaerzteschaft-koblenz.de\/php\/wordpress\/index.php?rest_route=\/wp\/v2\/pages\/86\/revisions\/87"}],"wp:attachment":[{"href":"http:\/\/www.kreisaerzteschaft-koblenz.de\/php\/wordpress\/index.php?rest_route=%2Fwp%2Fv2%2Fmedia&parent=86"}],"curies":[{"name":"wp","href":"https:\/\/api.w.org\/{rel}","templated":true}]}}